s 100502 - 112?
100350
In base 5, what is -332 + -103320?
-104202
In base 11, what is 158 - 3001?
-2954
In base 16, what is 13 - -7a?
8d
In base 15, what is -1176 - 2b?
-11a2
In base 4, what is 2002033 - 210?
2001223
In base 5, what is -32 - -40?
3
In base 3, what is -2 + -120020120012?
-120020120021
In base 7, what is 1505 - 40?
1435
In base 11, what is -873 + -35?
-8a8
In base 16, what is 6ab + -1b?
690
In base 16, what is -3 - -5c16?
5c13
In base 14, what is -48 + b0d?
aa5
In base 14, what is -5b72 + -83?
-5c15
In base 6, what is 10055 + -21?
10034
In base 12, what is 7 - 1709?
-1702
In base 7, what is -2 - -54600?
54565
In base 5, what is 1331 - 12012?
-10131
In base 13, what is -c9c - -17?
-c85
In base 5, what is 101111 - -21?
101132
In base 9, what is -1 - 17400?
-17401
In base 9, what is -13 + -42220?
-42233
In base 5, what is -111132 + 41?
-111041
In base 3, what is 12012 + -21112?
-2100
In base 11, what is 776a + -52?
7718
In base 6, what is -30 + -234?
-304
In base 8, what is 4 + -2365006?
-2365002
In base 15, what is ade9 - 5?
ade4
In base 8, what is -113 - -107?
-4
In base 16, what is 224 - -3?
227
In base 8, what is 5005322 + 0?
5005322
In base 7, what is -4 + -26233?
-26240
In base 2, what is -1100 - 1100011101110110?
-1100011110000010
In base 8, what is 201316 - 2?
201314
In base 5, what is 300441 + 12?
301003
In base 12, what is -203a1 + 86?
-20317
In base 3, what is 1222210221 - 20?
1222210201
In base 12, what is -7657 - -2?
-7655
In base 12, what is -2 + -704a0?
-704a2
In base 12, what is -3 - 15b98?
-15b9b
In base 14, what is -28 + 242?
218
In base 2, what is 10 + 10111101101111010?
10111101101111100
In base 13, what is -2 - -6a?
68
In base 11, what is 300 + 874?
1074
In base 11, what is 2789 + -144?
2645
In base 8, what is 61 + -1374?
-1313
In base 8, what is -5247 - 5?
-5254
In base 11, what is -18894a8 + -5?
-1889502
In base 3, what is -1022112 + 1112?
-1021000
In base 11, what is -17a3 - 86?
-1879
In base 13, what is -1b2ab - -2?
-1b2a9
In base 11, what is 26630 + -4?
26627
In base 8, what is -1401 - -314?
-1065
In base 8, what is 3 + -424177?
-424174
In base 16, what is 8 + -683?
-67b
In base 16, what is -101 - 1259?
-135a
In base 10, what is 683 + -3564?
-2881
In base 5, what is 344320 - 1?
344314
In base 11, what is 138014 + 2?
138016
In base 10, what is 1 + -46608?
-46607
In base 13, what is 33822 + 5?
33827
In base 8, what is -3 - -304657?
304654
In base 12, what is -368831 + -5?
-368836
In base 12, what is 554b + 143?
5692
In base 2, what is 11000 + 1110000110?
1110011110
In base 9, what is -47514 + -34?
-47548
In base 14, what is 72257 - -8?
72261
In base 11, what is 1a5 + -3a0a?
-3815
In base 5, what is -2224002 - -22?
-2223430
In base 5, what is 14401 + -10303?
4043
In base 11, what is -12041 + 35?
-12007
In base 16, what is -a6 + 11b9?
1113
In base 15, what is 158074 + 0?
158074
In base 5, what is -120010 - -14?
-114441
In base 14, what is 14 + 2c5c?
2c72
In base 14, what is -d + 3a267?
3a258
In base 8, what is 3 + 267064?
267067
In base 11, what is 1 + -35211?
-35210
In base 15, what is 75a + -5?
755
In base 4, what is -11 + 1100332211?
1100332200
In base 2, what is 1 + 10010100110111011000?
10010100110111011001
In base 4, what is -1 - -2201300012?
2201300011
In base 6, what is 450 - -15051?
15541
In base 5, what is 30113 - 13?
30100
In base 6, what is 13112 + -10454?
2214
In base 8, what is 4675 + -2?
4673
In base 16, what is -4 + -183e3?
-183e7
In base 3, what is 1102211122202 - -10?
1102211122212
In base 2, what is 1001010011111110 + -101?
1001010011111001
In base 4, what is -201330 + -33330?
-301320
In base 5, what is 1331211 + 10?
1331221
In base 10, what is 54929 - 0?
54929
In base 16, what is -6e + -8b0?
-91e
In base 4, what is -1011130 + 1130?
-1010000
In base 8, what is 1 + 52515?
52516
In base 16, what is -3ed3 - 5?
-3ed8
In base 11, what is 272 - -20055?
20317
In base 10, what is 29 + -1114?
-1085
In base 14, what is 558 - b85?
-62b
In base 15, what is 2 + 6705?
6707
In base 3, what is 200110 - 2102111?
-1202001
In base 8, what is -134 + 14362?
14226
In base 3, what is -1212210 + -100?
-1220010
In base 11, what is -31a46 - 5?
-31a50
In base 8, what is -114 - 11207?
-11323
In base 4, what is -111221 - 102231?
-220112
In base 9, what is -3553 - -64?
-3478
In base 3, what is 10 + -122112?
-122102
In base 11, what is 0 - 14799?
-14799
In base 13, what is -2 - 21324?
-21326
In base 4, what is -33100 + 30031?
-3003
In base 6, what is 0 + 5144355?
5144355
In base 11, what is 9 + -546?
-538
In base 4, what is -221 + 12222?
12001
In base 15, what is -20a1 - d?
-20ae
In base 9, what is 1 + -32552?
-32551
In base 5, what is -30421323 + 1?
-30421322
In base 12, what is -1b + 18b?
170
In base 14, what is -9 + 6b267?
6b25c
In base 10, what is 5 - -9229?
9234
In base 6, what is 1201100 + 12?
1201112
In base 13, what is -57b5 + 5?
-57b0
In base 13, what is -165256 - 1?
-165257
In base 7, what is -24316 + 0?
-24316
In base 15, what is 15075 - 0?
15075
In base 15, what is -1 + -c7d?
-c7e
In base 2, what is -100 + 1110000111110?
1110000111010
In base 4, what is -1121031221 + 2?
-1121031213
In base 7, what is -22 + -5035?
-5060
In base 9, what is 558203 + -4?
558188
In base 14, what is -3c1c + -1?
-3c1d
In base 13, what is 2478 - 1?
2477
In base 14, what is 11d68 + 4?
11d6c
In base 8, what is -3 - 25557?
-25562
In base 14, what is 0 - -d663d?
d663d
In base 10, what is -6722 - -3?
-6719
In base 3, what is -110022021200 - 11?
-110022021211
In base 2, what is 1010001000010001000111 + -11?
1010001000010001000100
In base 2, what is -110000 - 1011000011000?
-1011001001000
In base 16, what is 24cc - 132?
239a
In base 16, what is -8 - -14eb?
14e3
In base 8, what is 2351 + 205?
2556
In base 16, what is 37434 + -5?
3742f
In base 12, what is 0 + -1908a5?
-1908a5
In base 4, what is -1 + 202123210?
202123203
In base 7, what is -3 + -402310?
-402313
In base 7, what is -1 + -4130441?
-4130442
In base 16, what is -2387 + 4?
-2383
In base 6, what is -504 - 112?
-1020
In base 14, what is 44c + 896?
d04
In base 2, what is -1000010010001010 - 1000001?
-1000010011001011
In base 12, what is 5 + 1061b6?
1061bb
In base 11, what is -3 - 1544?
-1547
In base 14, what is -66c3 + -2?
-66c5
In base 6, what is 13 + -5330410?
-5330353
In base 5, what is -1113 - 211340?
-213003
In base 3, what is -2000 - -1111021?
1102021
In base 14, what is 2 - 5b590?
-5b58c
In base 13, what is 3 + -21213b?
-212138
In base 10, what is 120 + 2839?
2959
In base 14, what is 5cc3 + -d9?
5bc8
In base 8, what is -31 + 2327?
2276
In base 11, what is 18 - -60207?
60224
In base 7, what is 2530610 - 3?
2530604
In base 4, what is 0 + 10222311?
10222311
In base 6, what is -22 + -23424?
-23450
In base 5, what is 0 - -2432222?
2432222
In base 13, what is -3944 - 3?
-3947
In base 2, what is 1101001111110 + -111?
1101001110111
In base 5, what is -34 - -103022?
102433
In base 13, what is -4 - a9b5?
-a9b9
In base 9, what is -451674 + 2?
-451672
In base 13, what is -3 + 538?
535
In base 5, what is 224234 + 1?
224240
In base 4, what is 13233120 + -231?
13232223
In base 12, what is 37144 - 0?
37144
In base 8, what is -22733211 - 3?
-22733214
In base 6, what is -2 + -15420542?
-15420544
In base 6, what is 22 - -5432132?
5432154
In base 2, what is 101000101100100110111001 - 10?
101000101100100110110111
In base 14, what is -966 + -14?
-97a
In base 16, what is f - -94?
a3
In base 16, what is -8 - 7395?
-739d
In base 10, what is 5 - 945582?
-945577
In base 3, what is -12020021 + -11?
-12020102
In base 10, what is 1605499 - 0?
1605499
In base 6, what is 313 + -20043?
-15330
In base 9, what is -742 + -1068?
-1821
In base 10, what is 3914 - 155?
3759
In base 8, what is 1201 - 2342?
-1141
In base 10, what is 544 + 224?
768
In base 12, what is 3b7141 + 2?
3b7143
In base 16, what is 50d + -b84?
-677
In base 16, what is 1f5cff - 4?
1f5cfb
In base 12, what is -12 + a066?
a054
In base 3, what is 12 - 112200200022?
-112200200010
In base 12, what is 102 - -325?
427
In base 6, what is -5333 - -3245?
-2044
In base 5, what is 132401031 - 2?
132401024
In base 15, what is -c - 48c0b?
-48c18
In base 14, what is 3 - 81ab?
-81a8
In base 9, what is 264 + 10464?
10738
In base 10, what is -124586 - 5?
-124591